{"id":173,"date":"2016-11-14T14:57:47","date_gmt":"2016-11-14T14:57:47","guid":{"rendered":"http:\/\/iwebdc.com\/demo\/ostrya\/?page_id=173"},"modified":"2025-05-20T10:45:45","modified_gmt":"2025-05-20T10:45:45","slug":"forsiden","status":"publish","type":"page","link":"https:\/\/thiant.dk\/","title":{"rendered":"Forsiden"},"content":{"rendered":"<p>[vc_row css=&#8221;.vc_custom_1450139176121{margin-top: 0px !important;margin-right: 0px !important;margin-bottom: -35px !important;margin-left: 0px !important;padding-top: 0px !important;padding-right: 0px !important;padding-bottom: 0px !important;padding-left: 0px !important;}&#8221;][vc_column][rev_slider_vc alias=&#8221;wdc-slider-three&#8221;][\/vc_column][\/vc_row][vc_row css=&#8221;.vc_custom_1480690325180{padding-top: 50px !important;}&#8221;][vc_column][vc_row_inner][vc_column_inner width=&#8221;1\/3&#8243; css=&#8221;.vc_custom_1480689687153{padding-top: 30px !important;}&#8221;][wdc_icon_box style=&#8221;3&#8243; icon_fontawesome=&#8221;fa fa-users&#8221; title=&#8221;Antenner &amp; Paraboler&#8221; link_label=&#8221;L\u00e6s mere&#8221; link_url=&#8221;url:http%3A%2F%2Fwww.thiant.dk%2F%23service|||&#8221;]L\u00e6s mere om vores antenner og paraboler. Komplet liste over services.[\/wdc_icon_box][\/vc_column_inner][vc_column_inner width=&#8221;1\/3&#8243; css=&#8221;.vc_custom_1480689694769{padding-top: 30px !important;}&#8221;][wdc_icon_box style=&#8221;3&#8243; icon_fontawesome=&#8221;fa fa-wrench&#8221; title=&#8221;Samarbejdspartnere&#8221; link_label=&#8221;L\u00e6s Mere&#8221; link_url=&#8221;url:https%3A%2F%2Fthiant.dk%2F%23sam|||&#8221;]Bent er autoriseret forhandler af\u00a0 ALLENTE &amp; NORLYS TV -Net1[\/wdc_icon_box][\/vc_column_inner][vc_column_inner width=&#8221;1\/3&#8243; css=&#8221;.vc_custom_1480689702123{padding-top: 30px !important;}&#8221;][wdc_icon_box style=&#8221;3&#8243; icon_fontawesome=&#8221;fa fa-volume-control-phone&#8221; title=&#8221;Kontakt Bent&#8221; link_label=&#8221;L\u00e6s Mere&#8221; link_url=&#8221;url:https%3A%2F%2Fthiant.dk%2F%23kontakt|||&#8221;]Kontakt Bent og f\u00e5 et uforpligtende tilbud, p\u00e5 det du s\u00f8ger.<br \/>\n[\/wdc_icon_box][\/vc_column_inner][\/vc_row_inner][\/vc_column][\/vc_row][vc_row css=&#8221;.vc_custom_1477547929095{padding-top: 60px !important;padding-bottom: 60px !important;}&#8221;][vc_column][vc_row_inner css=&#8221;.vc_custom_1471340985552{background-color: #f5f5f5 !important;}&#8221;][vc_column_inner width=&#8221;1\/2&#8243; css=&#8221;.vc_custom_1480936918536{margin-bottom: 0px !important;padding-top: 15% !important;padding-right: 10% !important;padding-bottom: 10% !important;padding-left: 10% !important;}&#8221;][wdc_heading title=&#8221;Hvem er Thisted Antenne Service?&#8221;]Thisted Antenne service har eksisteret siden \u00e5r 2000. Firmaet ejes af Bent Jeppesen. Bent sp\u00e6nder vidt i sin viden og erfaring omkring antenner og radio\/TV.<\/p>\n<p>[\/wdc_heading][vc_empty_space height=&#8221;15px&#8221;][\/vc_column_inner][vc_column_inner width=&#8221;1\/2&#8243; css=&#8221;.vc_custom_1471344135554{margin: 0px !important;padding: 0px !important;}&#8221;][vc_single_image image=&#8221;779&#8243; img_size=&#8221;full&#8221; css=&#8221;.vc_custom_1493275710912{margin-bottom: 0px !important;}&#8221;][\/vc_column_inner][\/vc_row_inner][\/vc_column][\/vc_row][vc_row css=&#8221;.vc_custom_1471192270839{margin-bottom: 0px !important;padding-top: 60px !important;padding-bottom: 30px !important;}&#8221;][vc_column][vc_row_inner css=&#8221;.vc_custom_1471192675587{margin-bottom: 30px !important;}&#8221;][vc_column_inner width=&#8221;1\/4&#8243;][\/vc_column_inner][vc_column_inner width=&#8221;1\/2&#8243;][wdc_heading align=&#8221;center&#8221; title=&#8221;Thisted Antenne Service&#8221;]Bent tilbyder f\u00f8lgende services. Er der yderligere sp\u00f8rgsm\u00e5l, benyt venligst kontakt formularen.[\/wdc_heading][vc_raw_html]JTNDYSUyMG5hbWUlM0QlMjJzZXJ2aWNlJTIyJTIwaWQlM0QlMjJzZXJ2aWNlJTIyJTNFJTNDJTJGYSUzRSUwQSUwQQ==[\/vc_raw_html][\/vc_column_inner][vc_column_inner width=&#8221;1\/4&#8243;][\/vc_column_inner][\/vc_row_inner][wdc_services style=&#8221;2&#8243; number=&#8221;6&#8243; filter=&#8221;yes&#8221;][vc_raw_html]JTNDYSUyMG5hbWUlM0QlMjJzYW0lMjIlMjBpZCUzRCUyMnNhbSUyMiUzRSUzQyUyRmElM0UlMEE=[\/vc_raw_html][\/vc_column][\/vc_row][vc_row parallax=&#8221;content-moving&#8221; parallax_image=&#8221;319&#8243; parallax_speed_bg=&#8221;1.4&#8243; wdc_font_color=&#8221;#ffffff&#8221; css=&#8221;.vc_custom_1480933962325{margin-bottom: 0px !important;padding-top: 60px !important;padding-bottom: 60px !important;}&#8221;][vc_column][wdc_heading align=&#8221;center&#8221; title=&#8221;Referencer&#8221;][\/wdc_heading][vc_empty_space][wdc_portfolios number=&#8221;6&#8243;][\/vc_column][\/vc_row][vc_row wdc_section_id=&#8221;clientslider&#8221; css=&#8221;.vc_custom_1477547328656{margin-bottom: 0px !important;padding-top: 40px !important;padding-bottom: 16px !important;background-color: #f6f6f6 !important;}&#8221;][vc_column][wdc_clients_slider animate=&#8221;fadeInRight&#8221;][vc_raw_html]JTNDYSUyMG5hbWUlM0QlMjJrb250YWt0JTIyJTIwaWQlM0QlMjJrb250YWt0JTIyJTNFJTNDJTJGYSUzRSUwQSUwQQ==[\/vc_raw_html][\/vc_column][\/vc_row][vc_row equal_height=&#8221;yes&#8221; content_placement=&#8221;middle&#8221; full_width=&#8221;stretch_row&#8221; css=&#8221;.vc_custom_1480755966064{padding-top: 30px !important;padding-bottom: 30px !important;background: #009cff url(https:\/\/thiant.dk\/wp-content\/uploads\/2016\/12\/pattern3.png?id=304) !important;background-position: 0 0 !important;background-repeat: repeat !important;}&#8221;][vc_column width=&#8221;2\/3&#8243; css=&#8221;.vc_custom_1480762080763{padding-top: 50px !important;padding-right: 80px !important;padding-left: 50px !important;}&#8221;][vc_custom_heading text=&#8221;Kontakt Thisted Antenne Service&#8221; font_container=&#8221;tag:h3|font_size:32|text_align:center|color:%23ffffff&#8221; use_theme_fonts=&#8221;yes&#8221;][vc_custom_heading text=&#8221;&#8221; font_container=&#8221;tag:h3|font_size:32|text_align:center|color:%23ffffff&#8221; use_theme_fonts=&#8221;yes&#8221; css=&#8221;.vc_custom_1492520145472{padding-top: 0px !important;padding-bottom: 20px !important;}&#8221;][vc_column_text]<span style=\"color: #ffffff;\">Bent sp\u00e6nder vidt i sin viden og erfaring om antenne og radio\/tv, f.eks.:<\/span><\/p>\n<p><span style=\"color: #ffffff;\">\u2013\u00a0 Montering af antennesystemer.<\/span><\/p>\n<p><span style=\"color: #ffffff;\">\u2013\u00a0 Installation og ops\u00e6tning af diverse radio- og TV systemer.<\/span><\/p>\n<p><span style=\"color: #ffffff;\">\u2013\u00a0 Salg og r\u00e5dgivning vedr\u00f8rende radio- og tv-systemer.<\/span><\/p>\n<p><span style=\"color: #ffffff;\">\u2013\u00a0 Tyverisikring.<\/span><\/p>\n<p><span style=\"color: #ffffff;\">\u2013\u00a0 Videooverv\u00e5gning.<\/span><\/p>\n<p><span style=\"color: #ffffff;\">\u2013 \u00a0Indg\u00e5ende kendskab til forskellige tv udbydere som Canal Digital, Viasat og BOXER TV.<\/span><\/p>\n<p><span style=\"color: #ffffff;\">\u2013 \u00a0Thisted Antenne Service tilbyder ogs\u00e5 tilkobling af\u00a0Ubegr\u00e6nset mobilt bredb\u00e5nd fra Net1\u00a0<\/span>[\/vc_column_text][\/vc_column][vc_column width=&#8221;1\/3&#8243; css=&#8221;.vc_custom_1480677095808{padding-top: 20px !important;padding-right: 30px !important;padding-bottom: 10px !important;padding-left: 30px !important;background-color: #ffffff !important;border-radius: 10px !important;}&#8221;][vc_custom_heading text=&#8221;F\u00e5 et uforpligtende tilbud, p\u00e5 det du s\u00f8ger&#8221; font_container=&#8221;tag:h3|font_size:18|text_align:center|color:%23ffffff&#8221; google_fonts=&#8221;font_family:Roboto%3A100%2C100italic%2C300%2C300italic%2Cregular%2Citalic%2C500%2C500italic%2C700%2C700italic%2C900%2C900italic|font_style:500%20bold%20regular%3A500%3Anormal&#8221; css=&#8221;.vc_custom_1493236149745{padding-top: 10px !important;padding-bottom: 10px !important;background-color: #000000 !important;}&#8221;]<div role=\"form\" class=\"wpcf7\" id=\"wpcf7-f7-o1\" lang=\"da-DK\" dir=\"ltr\">\n<div class=\"screen-reader-response\"><p role=\"status\" aria-live=\"polite\" aria-atomic=\"true\"><\/p> <ul><\/ul><\/div>\n<form action=\"\/index.php\/wp-json\/wp\/v2\/pages\/173#wpcf7-f7-o1\" method=\"post\" class=\"wpcf7-form init cf7skins cf7s-caspar\" novalidate=\"novalidate\" data-status=\"init\">\n<div style=\"display: none;\">\n<input type=\"hidden\" name=\"_wpcf7\" value=\"7\" \/>\n<input type=\"hidden\" name=\"_wpcf7_version\" value=\"5.6.4\" \/>\n<input type=\"hidden\" name=\"_wpcf7_locale\" value=\"da_DK\" \/>\n<input type=\"hidden\" name=\"_wpcf7_unit_tag\" value=\"wpcf7-f7-o1\" \/>\n<input type=\"hidden\" name=\"_wpcf7_container_post\" value=\"0\" \/>\n<input type=\"hidden\" name=\"_wpcf7_posted_data_hash\" value=\"\" \/>\n<\/div>\n<p>Dit navn (skal udfyldes)<br \/>\n    <span class=\"wpcf7-form-control-wrap\" data-name=\"your-name\"><input type=\"text\" name=\"your-name\" value=\"\" size=\"40\" class=\"wpcf7-form-control wpcf7-text wpcf7-validates-as-required\" id=\"your-name\" aria-required=\"true\" aria-invalid=\"false\" \/><\/span> <\/p>\n<p>Din e-mail (skal udfyldes)<br \/>\n    <span class=\"wpcf7-form-control-wrap\" data-name=\"your-email\"><input type=\"email\" name=\"your-email\" value=\"\" size=\"40\" class=\"wpcf7-form-control wpcf7-text wpcf7-email wpcf7-validates-as-required wpcf7-validates-as-email\" id=\"your-email\" aria-required=\"true\" aria-invalid=\"false\" \/><\/span> <\/p>\n<p>Emne<br \/>\n    <span class=\"wpcf7-form-control-wrap\" data-name=\"your-subject\"><input type=\"text\" name=\"your-subject\" value=\"\" size=\"40\" class=\"wpcf7-form-control wpcf7-text\" id=\"your-subject\" aria-invalid=\"false\" \/><\/span> <\/p>\n<p>Din besked<br \/>\n    <span class=\"wpcf7-form-control-wrap\" data-name=\"your-message\"><textarea name=\"your-message\" cols=\"40\" rows=\"10\" class=\"wpcf7-form-control wpcf7-textarea\" id=\"your-message\" aria-invalid=\"false\"><\/textarea><\/span> <\/p>\n<p><input type=\"submit\" value=\"Send\" class=\"wpcf7-form-control has-spinner wpcf7-submit\" \/><\/p>\n<p><span class=\"wpcf7-form-control-wrap\" data-name=\"quiz-52\"><label><span class=\"wpcf7-quiz-label\">Kontrol sp\u00f8rgsm\u00e5l: Hvad er Hovedstaden i Danmark?<\/span> <input type=\"text\" name=\"quiz-52\" size=\"40\" class=\"wpcf7-form-control wpcf7-quiz\" id=\"quiz-52\" autocomplete=\"off\" aria-required=\"true\" aria-invalid=\"false\" \/><\/label><input type=\"hidden\" name=\"_wpcf7_quiz_answer_quiz-52\" value=\"5a1f16354e2a47d623c11360f5607cb6\" \/><\/span><\/p>\n<p style=\"display: none !important;\" class=\"akismet-fields-container\" data-prefix=\"_wpcf7_ak_\"><label>&#916;<textarea name=\"_wpcf7_ak_hp_textarea\" cols=\"45\" rows=\"8\" maxlength=\"100\"><\/textarea><\/label><input type=\"hidden\" id=\"ak_js_1\" name=\"_wpcf7_ak_js\" value=\"241\"\/><script>document.getElementById( \"ak_js_1\" ).setAttribute( \"value\", ( new Date() ).getTime() );<\/script><\/p><div class=\"wpcf7-response-output\" aria-hidden=\"true\"><\/div><\/form><\/div>[\/vc_column][\/vc_row]<\/p>\n","protected":false},"excerpt":{"rendered":"<p>[vc_row css=&#8221;.vc_custom_1450139176121{margin-top: 0px !important;margin-right: 0px !important;margin-bottom: -35px !important;margin-left: 0px !important;padding-top: 0px !important;padding-right: 0px !important;padding-bottom: 0px !important;padding-left: 0px !important;}&#8221;][vc_column][rev_slider_vc alias=&#8221;wdc-slider-three&#8221;][\/vc_column][\/vc_row][vc_row css=&#8221;.vc_custom_1480690325180{padding-top: 50px !important;}&#8221;][vc_column][vc_row_inner][vc_column_inner width=&#8221;1\/3&#8243; css=&#8221;.vc_custom_1480689687153{padding-top: 30px !important;}&#8221;][wdc_icon_box style=&#8221;3&#8243; icon_fontawesome=&#8221;fa fa-users&#8221; title=&#8221;Antenner &amp; Paraboler&#8221; link_label=&#8221;L\u00e6s mere&#8221; link_url=&#8221;url:http%3A%2F%2Fwww.thiant.dk%2F%23service|||&#8221;]L\u00e6s mere om vores antenner og paraboler. Komplet liste over services.[\/wdc_icon_box][\/vc_column_inner][vc_column_inner width=&#8221;1\/3&#8243; css=&#8221;.vc_custom_1480689694769{padding-top: 30px !important;}&#8221;][wdc_icon_box style=&#8221;3&#8243; icon_fontawesome=&#8221;fa fa-wrench&#8221; title=&#8221;Samarbejdspartnere&#8221; link_label=&#8221;L\u00e6s Mere&#8221; [&hellip;]<\/p>\n","protected":false},"author":1,"featured_media":0,"parent":0,"menu_order":0,"comment_status":"closed","ping_status":"closed","template":"","meta":{"footnotes":""},"class_list":["post-173","page","type-page","status-publish","hentry"],"_links":{"self":[{"href":"https:\/\/thiant.dk\/index.php\/wp-json\/wp\/v2\/pages\/173","targetHints":{"allow":["GET"]}}],"collection":[{"href":"https:\/\/thiant.dk\/index.php\/wp-json\/wp\/v2\/pages"}],"about":[{"href":"https:\/\/thiant.dk\/index.php\/wp-json\/wp\/v2\/types\/page"}],"author":[{"embeddable":true,"href":"https:\/\/thiant.dk\/index.php\/wp-json\/wp\/v2\/users\/1"}],"replies":[{"embeddable":true,"href":"https:\/\/thiant.dk\/index.php\/wp-json\/wp\/v2\/comments?post=173"}],"version-history":[{"count":55,"href":"https:\/\/thiant.dk\/index.php\/wp-json\/wp\/v2\/pages\/173\/revisions"}],"predecessor-version":[{"id":909,"href":"https:\/\/thiant.dk\/index.php\/wp-json\/wp\/v2\/pages\/173\/revisions\/909"}],"wp:attachment":[{"href":"https:\/\/thiant.dk\/index.php\/wp-json\/wp\/v2\/media?parent=173"}],"curies":[{"name":"wp","href":"https:\/\/api.w.org\/{rel}","templated":true}]}}